 7, 263, 44053
List the prime factors of 317323143.
3, 1721, 6829
What are the prime factors of 178381837?
178381837
What are the prime factors of 267557414?
2, 133778707
List the prime factors of 2876363814.
2, 3, 719, 666751
What are the prime factors of 567614295?
3, 5, 1249, 10099
List the prime factors of 184676676.
2, 3, 15389723
List the prime factors of 54302623.
54302623
List the prime factors of 3626340929.
24169, 150041
List the prime factors of 9029868159.
3, 13, 231535081
List the prime factors of 227031123.
3, 11, 859, 8009
List the prime factors of 3237852019.
677, 4782647
What are the prime factors of 8906421?
3, 19, 156253
List the prime factors of 26851926.
2, 3, 191, 23431
What are the prime factors of 789329964?
2, 3, 89, 641, 1153
List the prime factors of 71176152.
2, 3, 83, 35731
What are the prime factors of 118092758?
2, 7, 8435197
List the prime factors of 8281009985.
5, 13337, 124181
List the prime factors of 781292384.
2, 131, 186377
What are the prime factors of 2253568749?
3, 751189583
What are the prime factors of 10568560?
2, 5, 17, 19, 409
List the prime factors of 327066232.
2, 47, 359, 2423
What are the prime factors of 9138096?
2, 3, 11, 641
List the prime factors of 155746181.
1619, 96199
List the prime factors of 6485546155.
5, 11, 17, 630583
List the prime factors of 56600327.
7, 17, 31, 67, 229
List the prime factors of 3112605931.
29, 107331239
List the prime factors of 1778955380.
2, 5, 1523, 58403
What are the prime factors of 26180556?
2, 3, 19, 114827
List the prime factors of 59174016.
2, 3, 11, 14009
List the prime factors of 531496293.
3, 151, 1173281
List the prime factors of 2686938250.
2, 5, 83, 129491
List the prime factors of 311424362.
2, 155712181
List the prime factors of 266654298.
2, 3, 44442383
What are the prime factors of 25872780?
2, 3, 5, 431213
List the prime factors of 453191083.
17, 71, 239, 1571
List the prime factors of 2762736647.
11, 31, 8101867
List the prime factors of 3753253101.
3, 13, 37, 67, 38821
What are the prime factors of 23812684?
2, 7, 850453
What are the prime factors of 59932379?
13, 47, 2087
What are the prime factors of 182788730?
2, 5, 67, 149, 1831
List the prime factors of 1726545.
3, 5, 31, 47, 79
What are the prime factors of 4539946396?
2, 59, 2377, 8093
List the prime factors of 109101831.
3, 36367277
List the prime factors of 25323536.
2, 7, 226103
List the prime factors of 521745197.
53, 383, 25703
List the prime factors of 7436612271.
3, 11, 47, 67, 71563
List the prime factors of 654948701.
11, 5683, 10477
List the prime factors of 232037874.
2, 3, 29, 444517
What are the prime factors of 10902345?
3, 5, 23, 31601
What are the prime factors of 433614356?
2, 7, 15486227
List the prime factors of 3593446269.
3, 7, 19, 53, 251, 677
What are the prime factors of 4931628567?
3, 103, 127, 125669
What are the prime factors of 37493696?
2, 585839
What are the prime factors of 1971524919?
3, 7, 13, 1033, 6991
What are the prime factors of 128561868?
2, 3, 3571163
What are the prime factors of 59871500?
2, 5, 13, 61, 151
List the prime factors of 718334303.
17, 829, 50971
What are the prime factors of 1708169303?
173, 9873811
What are the prime factors of 2489524?
2, 131, 4751
List the prime factors of 496350473.
61, 8136893
List the prime factors of 66565837.
13, 41, 71, 1759
What are the prime factors of 1215311560?
2, 5, 30382789
List the prime factors of 186412103.
186412103
What are the prime factors of 1201801632?
2, 3, 12518767
List the prime factors of 980159005.
5, 7, 4000649
List the prime factors of 396257941.
396257941
List the prime factors of 50621225.
5, 19, 71, 79
List the prime factors of 80280181.
80280181
What are the prime factors of 407623162?
2, 2621, 77761
What are the prime factors of 747053395?
5, 11, 1234799
List the prime factors of 72309113.
72309113
What are the prime factors of 16860325?
5, 769, 877
What are the prime factors of 62300547?
3, 83, 83401
What are the prime factors of 2396770105?
5, 19, 29, 131, 229
List the prime factors of 208761701.
208761701
What are the prime factors of 1110214705?
5, 222042941
What are the prime factors of 2040539866?
2, 5231, 195043
What are the prime factors of 2677824627?
3, 193, 4624913
What are the prime factors of 23877846?
2, 3, 29, 149, 307
What are the prime factors of 254464068?
2, 3, 1289, 16451
What are the prime factors of 703413884?
2, 127, 1384673
What are the prime factors of 21288200?
2, 5, 106441
List the prime factors of 460118316.
2, 3, 7, 5477599
What are the prime factors of 1310474547?
3, 37, 59, 66701
What are the prime factors of 540866398?
2, 229, 1180931
What are the prime factors of 25710919?
13, 17, 317, 367
List the prime factors of 4578602028.
2, 3, 7, 11, 13, 381169
List the prime factors of 640050104.
2, 80006263
List the prime factors of 1813506207.
3, 101, 5985169
List the prime factors of 238786750.
2, 5, 955147
What are the prime factors of 1358593572?
2, 3, 7, 67, 283, 853
List the prime factors of 102702559.
17, 107, 131, 431
What are the prime factors of 464357455?
5, 307, 302513
List the prime factors of 387682402.
2, 607, 319343
List the prime factors of 2935689631.
7, 37, 211, 53719
List the prime factors of 915675195.
3, 5, 23, 167, 691
What are the prime factors of 882115634?
2, 1439, 306503
What are the prime factors of 66353936?
2, 11, 377011
What are the prime factors of 1007659601?
13, 23, 1091, 3089
What are the prime factors of 1944263365?
5, 11, 2543, 13901
List the prime factors of 546716178.
2, 3, 29, 349, 3001
What are the prime factors of 226714107?
3, 2011, 37579
What are the prime factors of 166649761?
166649761
List the prime factors of 62888431.
1627, 38653
List the prime factors of 22598518.
2, 863, 13093
What are the prime factors of 1677847535?
5, 7, 13, 19, 194083
What are the prime factors of 24599522?
2, 12299761
List the prime factors of 173467512.
2, 3, 2409271
What are the prime factors of 215862246?
2, 3, 541, 821
What are the prime factors of 795367734?
2, 3, 7, 79, 239713
What are the prime factors of 3941893808?
2, 113, 2180251
What are the prime factors of 5692645584?
2, 3, 39532261
List the prime factors of 25530443.
1237, 20639
What are the prime factors of 175667521?
19, 1123, 8233
What are the prime factors of 93285958?
2, 61, 139, 5501
What are the prime factors of 2076728032?
2, 64897751
List the prime factors of 99896600.
2, 5, 499483
List the prime factors of 1415254371.
3, 179, 2635483
List the prime factors of 81005558.
2, 1013, 39983
List the prime factors of 576151703.
576151703
What are the prime factors of 230480357?
1549, 148793
What are the prime factors of 96099941?
7, 41, 334843
What are the prime factors of 122995325?
5, 4919813
List the prime factors of 51721428.
2, 3, 11, 53, 7393
List the prime factors of 40866495.
3, 5, 73, 37321
List the prime factors of 97634688.
2, 3, 254257
What are the prime factors of 87799502?
2, 7, 31, 101, 2003
List the prime factors of 1704460.
2, 5, 85223
List the prime factors of 568445281.
149, 3815069
List the prime factors of 1322078455.
5, 264415691
List the prime factors of 1753134287.
4421, 396547
List the prime factors of 705244203.
3, 31, 2527757
What are the prime factors of 2896124828?
2, 17, 37, 1151083
List the prime factors of 440846572.
2, 110211643
List the prime factors of 2699462021.
37, 72958433
What are the prime factors of 39859423?
3347, 11909
What are the prime factors of 11277933?
3, 37, 101603
List the prime factors of 166039303.
73, 2274511
What are the prime factors of 3912284316?
2, 3, 71, 97, 47339
List the prime factors of 95115399.
3, 31705133
List the prime factors of 377040674.
2, 19, 41, 47, 271
What are the prime factors of 1319830?
2, 5, 59, 2237
What are the prime factors of 3430940353?
109, 31476517
List the prime factors of 3037859829.
3, 17, 43, 149, 1033
List the prime factors of 4428377.
151, 29327
List the prime factors of 20409750.
2, 3, 5, 47, 193
List the prime factors of 7110094907.
50051, 142057
List the prime factors of 534813474.
2, 3, 13, 61, 112403
List the prime factors of 2189670600.
2, 3, 5, 13, 41, 167
What are the prime factors of 411356473?
11, 1117, 33479
List the prime factors of 133972.
2, 33493
What are 